7192 + 140350. What is the thousands digit of z?
4
Suppose 42*o - 12116 = -1532. Let b = 1400 - o. What is the tens digit of b?
4
What is the tens digit of 12 - (-27)/(81/24180)?
7
Let q = -41 + 13. Let v = q + 31. What is the units digit of (1/2 + (-11)/(-66))*v?
2
Let n(l) = l**3 - 16*l**2 - 13*l - 65. Let t be n(17). Suppose 4 = 4*u, 13*u = t*c + 10*u - 2835. What is the units digit of c?
6
Suppose -4*v + 7 + 1 = 0. Suppose -v*s + 53 = 31. What is the units digit of s?
1
Suppose a - 2*s - 358 = -5*s, 4*s + 1416 = 4*a. What is the hundreds digit of a?
3
Let n(q) be the third derivative of -q**6/120 + 23*q**5/60 + 55*q**4/24 + 31*q**3/6 - 4*q**2 - 12*q. What is the units digit of n(24)?
5
Let r = -85 + 174. Let h(g) = -84*g + 174*g - r*g + 29. What is the tens digit of h(-9)?
2
Let r be (7/3)/((-188)/(-96) + -2). What is the units digit of 796*(6/10 - r/140)?
6
Let z = -14822 + 28170. What is the units digit of z?
8
Let i = -417 - -447. Suppose 26*y + 148 = i*y. What is the units digit of y?
7
Let h(y) = -y**3 + 60*y**2 - 242*y - 26. What is the units digit of h(53)?
1
Let a = 34576 - 21087. What is the thousands digit of a?
3
Suppose -10 = -7*q + 6*q. Suppose q = 5*a, 2*j = -a + 2*a + 4. Suppose -500 = -j*f - 47. What is the hundreds digit of f?
1
Suppose 43*w - 30*w - 39 = 0. Suppose 5*o = -2*a + 752, -4*o - w*a = -6*a - 597. What is the units digit of o?
0
Suppose -6395557 = 163*j - 510*j. What is the ten thousands digit of j?
1
Suppose -5*h - 13 = -53. Suppose j - 11 = -h. Suppose j*c = i - 98, -5*i - 3*c + 155 = -245. What is the tens digit of i?
8
What is the hundreds digit of (-20 - (18 + -20))/((-6)/10988)?
9
Let k = 9210 - 5226. Suppose 4*y + w = 3505, -398 - k = -5*y - 2*w. What is the tens digit of y?
7
Suppose -115*i - 461294 + 3580669 = 0. What is the thousands digit of i?
7
What is the units digit of (-141064)/(-8)*(-6 - -7)?
3
Let p be 4592/3 + (-32)/48. Suppose p + 24 = 3*c. What is the hundreds digit of c?
5
What is the units digit of 6 + (-6 - -5375) - (1 - 8)?
2
Let q be -244*18/(-24)*4. Suppose 3*u + 0*c - 440 = 2*c, 5*u - 2*c = q. What is the units digit of u?
6
What is the ten thousands digit of (-5)/10 - (-5)/(-2) - (-18 - 28916)?
2
Suppose 3*y - 17256 = 4*z, -3*z + 17298 = -11*y + 14*y. What is the hundreds digit of y?
7
Suppose -1014 - 850 = -4*o. Suppose 0 = -7*r - 382 + o. What is the tens digit of r?
1
Let k = -62 + -18. What is the hundreds digit of ((-8)/k*-3508)/(2/(-5))?
8
Let k be (8 + (1 - 8))/((-1)/35). Let u be 889/6 + 1 + k/30. Suppose 12*r = 11*r + u. What is the tens digit of r?
4
Suppose 0 = -0*a - 9*a - 2376. Let n = 624 - a. Suppose -6*c + 12*c - n = 0. What is the hundreds digit of c?
1
Let h(d) = 520*d + 42. What is the thousands digit of h(21)?
0
Suppose 6*t - t - 5*s = 665, 0 = 5*s - 5. What is the tens digit of t/(-14) + 9 - (-6654)/7?
5
What is the ten thousands digit of (-5814872)/(-476) - (-2)/(-17)?
1
Let w(f) = f**3 + 8*f**2 - 9*f + 9. Let d be w(-9). Suppose d*m - 56 = 5*m. What is the tens digit of m?
1
Suppose 98*l = 102*l + 412. Let d be l/(-3) - 8/24. Suppose -d - 44 = -2*j. What is the units digit of j?
9
Let x(h) = 33*h**2 + 7*h - 7. Let d be x(3). Suppose m - 2*q + 4*q - d = 0, 941 = 3*m - 2*q. What is the tens digit of m?
1
Let n(p) = p**3 + 9*p**2 + 10*p + 41. Let b be n(-6). Suppose 0 = 21*g - b*g + 114580. What is the tens digit of g?
8
Let p(j) = -2*j**3 + 5*j**2 + 7*j + 5. What is the tens digit of p(-13)?
5
Let q(x) = x**2 + 10*x - 17. Let z be q(-12). Let r(k) be the first derivative of 2*k**3/3 - k**2 + 11*k + 5. What is the tens digit of r(z)?
9
Let k = -2971 + 4331. Suppose 2*b = -w - 4*w + 915, k = 3*b + 5*w. What is the hundreds digit of b?
4
Suppose 32*x - 33*x = 5*c - 7909, 24 = 4*c. What is the tens digit of x?
7
Let h be 11/33 + (-5)/(-3). Let a(b) = 0 - 2*b + 4 + 3*b**h - 6. What is the units digit of a(-3)?
1
Let n = -183 + 213. Suppose 134 = -n*z + 12734. What is the tens digit of z?
2
Suppose d + 1 - 44 = z, -d = 4*z - 58. Let q = d - 42. Suppose q*k - 4*p = 488, -124 = -3*k + 2*k + 2*p. What is the units digit of k?
0
Suppose 2*z + 6*x - 3546 = 4*x, 0 = -z - 5*x + 1749. What is the hundreds digit of z?
7
Suppose -5*g = -25, -s - 1 - 1 = -2*g. Let z be ((-4)/(-1))/(s/20). Suppose 8*a - z*a = -188. What is the tens digit of a?
9
Let a(g) = g**2 + 19*g + 1. Let r be a(-19). Let m be (-1)/(-4) + 107/4 + r. Let p = 34 - m. What is the units digit of p?
6
Let h = 44 + -41. Suppose -5*d + 87 = -h. What is the units digit of d?
8
Suppose 7648 = 4*c - 2*h, 3834 = 2*c + 8*h - 4*h. Let w = c - 1289. What is the hundreds digit of w?
6
What is the ten thousands digit of (2 + -5)/((-54)/(-19134)*3/(-33))?
1
Let a(h) = h**2 + 3*h + 2. Let k be a(-2). Suppose -6*p + 194 + 2044 = k. What is the tens digit of p?
7
Let u be ((-645)/25)/(2/(-30)). Let z = u + 67. What is the hundreds digit of z?
4
Suppose -u + 2561 + 1289 = 5*i, -u + 3841 = -4*i. What is the tens digit of u?
4
Let y = -4369 - -6166. Suppose -2*l - l + y = 3*o, -4*l + 590 = o. What is the hundreds digit of o?
6
Let u(h) = 94*h + 48. What is the thousands digit of u(79)?
7
Suppose 3*d - g - 18 = 7, 0 = 3*g - 6. Let k = d - 9. Suppose k = 44*h - 39*h - 340. What is the units digit of h?
8
Let z = 249 - 86. Suppose 6*k - 826 = 2792. Suppose -5*y - z = -k. What is the units digit of y?
8
Suppose 175 = -4*f + l, 0 = f + 3*l - l + 55. Let g be 54/f*1*(-20)/6. Suppose 3*x - x - g = 0. What is the units digit of x?
2
Let f(u) = u**2 - 8*u - 11. Let k(p) = -4*p**2 + 32*p + 43. Let j(x) = -9*f(x) - 2*k(x). Let n be j(8). Suppose 160 = n*z - 3*z. What is the units digit of z?
6
Suppose 0 = 3888*g - 3903*g + 20790. What is the thousands digit of g?
1
Let s be ((-369)/(-3))/((-1)/((-18)/6)). Suppose s = 6*z - 1965. What is the hundreds digit of z?
3
Suppose 6*x + 2356 = w + x, -3*w + 7028 = -5*x. What is the hundreds digit of w?
3
Suppose -3*x = 26*x - 9715. Let s = x + -222. What is the units digit of s?
3
Let g(h) = 3*h**2 + 13*h - 2. Let b(t) = t**2 - t - 1. Let y(s) = -6*b(s) - g(s). Let c be y(1). What is the units digit of -2 + (72/10)/(c/(-100))?
8
Let l be 4/6*-6 + 52944/8. Suppose l = 26*a - 4774. What is the tens digit of a?
3
Let a be 75/4 + (-7)/(-28). Suppose 0 = -3*h - 4*d + 89, 0 = -3*h - 2*h - 5*d + 140. Suppose -a*f = -h*f + 660. What is the hundreds digit of f?
1
Suppose 4*g - 9 = 2*b + 1, 16 = -5*b + g. What is the tens digit of ((-12)/(-4))/((-4)/(776/b))?
9
Let f(l) = 186*l - 83. Let h be f(5). Let c = h - 431. What is the units digit of c?
6
Let g = -124 + 108. Let p = g - -58. What is the tens digit of p?
4
Let h be 611/78 - 6/(-36). Let a(m) be the second derivative of m**4/12 - m**3 + 10*m**2 + m. What is the tens digit of a(h)?
3
Let l be (-2)/2 - -3 - -12. Suppose 6*g + 2 = l. Suppose 0 = -5*b + 3*h + 779, 0*h + g*h = -3*b + 475. What is the tens digit of b?
5
Suppose 7*z + 35*z = 10472 + 28252. What is the hundreds digit of z?
9
Suppose -1 = p + 2*h, 0 = -3*h - 2*h + 5. Let b(l) = -117*l + 121. Let f be b(1). What is the tens digit of 3 - p/(f/60*1)?
4
What is the tens digit of (-354733)/(-8) + ((-909)/72 - (-10 - 3))?
4
Let x(l) = l**3 - 14*l**2 - 5*l - 25. Let r be x(13). Let m = r + 149. Let j = m - -216. What is the tens digit of j?
0
Let w(v) = -23*v - 38. Let t be w(-12). Suppose -t - 1142 = -4*l. What is the hundreds digit of l?
3
Let a(z) = 6*z**3 - 23*z**2 + 37*z - 123. What is the tens digit of a(10)?
4
Let n(f) = 15*f**2 - 5*f + 8. Let g be n(-13). Suppose 15062 + g = 19*z. What is the units digit of z?
0
Let k = 18 - 28. Let b = 46 + k. Suppose -4*m - b = -396. What is the tens digit of m?
9
Let t = 125 - 90. Suppose 4*d + l - 225 = 0, t - 142 = -2*d + 5*l. What is the units digit of d?
6
Suppose -2*m - 2*m + 11398 = 3*b, -10 = -5*b. Suppose 5*t - m - 1522 = 0. What is the hundreds digit of t?
8
Let u(a) = a**2 + 21*a - 41. Suppose 7*k - 10*k = 87. What is the tens digit of u(k)?
9
Suppose 534843 - 291294 = 140*b - 1028351. What is the hundreds digit of b?
0
Let b(w) = 2*w**3 + 18*w**2 - w**3 - 8*w + 17 + 25*w. Suppose 0 = 10*y + 1161 - 1001. What is the hundreds digit of b(y)?
2
Let n = -157 - -164. Suppose g = -a + 390, 6*a + 1572 = 4*g + n*a. What is the tens digit of g?
9
Let v(j)